207 a factor of 174294?
True
Is 16 a factor of 1877995?
False
Is 185 a factor of 1067211?
False
Is 33937 a multiple of 2?
False
Is 118 a factor of 1449628?
False
Is 1976064 a multiple of 4?
True
Is 659 a factor of 441066?
False
Does 622 divide 25966634?
True
Does 49 divide 91770?
False
Is 899288 a multiple of 93?
False
Is 143850 a multiple of 75?
True
Does 39 divide 4587453?
True
Is 135927 a multiple of 20?
False
Is 13449371 a multiple of 103?
False
Is 383 a factor of 2686745?
True
Is 121520 a multiple of 14?
True
Does 25 divide 139075?
True
Is 18 a factor of 513432?
True
Is 356 a factor of 13305897?
False
Is 3114346 a multiple of 21?
False
Is 940 a multiple of 10?
True
Does 102 divide 266322?
True
Does 95 divide 4465?
True
Is 150 a factor of 96750?
True
Is 167 a factor of 13158?
False
Is 1174989 a multiple of 51?
True
Is 1264556 a multiple of 16?
False
Is 3135930 a multiple of 1090?
True
Does 11 divide 178310?
True
Is 52 a factor of 357136?
True
Is 2 a factor of 957322?
True
Is 8 a factor of 38736?
True
Does 42 divide 10606446?
False
Does 99 divide 309265?
False
Does 3 divide 13638?
True
Does 19 divide 2136964?
False
Does 43 divide 239157?
False
Is 94 a factor of 9588?
True
Is 107982 a multiple of 7?
True
Does 10 divide 315818?
False
Does 41 divide 1619202?
False
Is 583870 a multiple of 95?
True
Is 2325780 a multiple of 27?
True
Is 63 a factor of 206854?
False
Is 12 a factor of 6672?
True
Is 130 a factor of 815100?
True
Is 220503 a multiple of 149?
False
Is 7492 a multiple of 10?
False
Is 6507090 a multiple of 510?
True
Is 699 a multiple of 26?
False
Is 184 a factor of 14239?
False
Does 8 divide 197649?
False
Does 13 divide 1371825?
True
Is 14 a factor of 141132?
False
Is 282916 a multiple of 5?
False
Is 7141 a multiple of 7?
False
Is 3380960 a multiple of 34?
True
Does 14 divide 11971119?
False
Does 132 divide 618926?
False
Is 15855 a multiple of 35?
True
Is 76 a factor of 544312?
True
Does 275 divide 1624425?
True
Is 82467 a multiple of 147?
True
Does 1012 divide 34746008?
True
Is 11 a factor of 1148862?
True
Does 31 divide 24385?
False
Is 90 a factor of 1009170?
True
Is 720322 a multiple of 47?
True
Is 9 a factor of 9302733?
True
Does 50 divide 1857414?
False
Does 71 divide 32775600?
False
Does 331 divide 6898897?
False
Does 99 divide 290029?
False
Does 16 divide 7324373?
False
Is 1926960 a multiple of 518?
True
Is 7288904 a multiple of 584?
True
Is 32 a factor of 2025408?
True
Is 89375 a multiple of 5?
True
Is 10511760 a multiple of 120?
True
Does 504 divide 16350?
False
Is 6529618 a multiple of 895?
False
Is 142 a factor of 195710?
False
Does 189 divide 541107?
True
Is 399730 a multiple of 355?
True
Does 737 divide 1177726?
True
Is 86700 a multiple of 3?
True
Does 19 divide 621642?
True
Is 652942 a multiple of 127?
False
Does 5 divide 126654?
False
Is 304378 a multiple of 68?
False
Is 599545 a multiple of 19?
True
Does 81 divide 6971022?
True
Is 384 a factor of 566400?
True
Does 279 divide 100440?
True
Does 59 divide 119652?
True
Is 57 a factor of 35751?
False
Is 1013637 a multiple of 87?
True
Does 87 divide 6089217?
True
Does 108 divide 542268?
True
Is 2573780 a multiple of 206?
False
Is 467 a factor of 80551?
False
Is 1211045 a multiple of 56?
False
Is 116130 a multiple of 35?
True
Is 34554 a multiple of 13?
True
Does 645 divide 270234?
False
Does 3 divide 36528?
True
Is 11974179 a multiple of 147?
True
Is 39 a factor of 138969?
False
Is 2176459 a multiple of 1036?
False
Is 8 a factor of 8310024?
True
Is 102 a factor of 513774?
True
Does 13 divide 2114320?
True
Does 11 divide 563825?
False
Is 126874 a multiple of 35?
False
Is 137410 a multiple of 26?
True
Is 893722 a multiple of 622?
False
Is 32663 a multiple of 367?
True
Is 259047 a multiple of 107?
True
Is 497974 a multiple of 15?
False
Does 33 divide 4721735?
False
Does 135 divide 69864?
False
Is 403134 a multiple of 33?
False
Does 60 divide 355910?
False
Does 174 divide 1050786?
True
Does 3 divide 15783?
True
Does 176 divide 181632?
True
Is 21 a factor of 1929687?
False
Does 343 divide 3203730?
False
Is 438550 a multiple of 15?
False
Is 31 a factor of 173352?
True
Is 68 a factor of 1589452?
False
Is 19 a factor of 12366740?
False
Is 11774 a multiple of 29?
True
Is 28 a factor of 25172?
True
Is 63 a factor of 781074?
True
Does 14 divide 3724?
True
Does 24 divide 50232?
True
Is 26 a factor of 722852?
True
Does 76 divide 486476?
True
Is 4285389 a multiple of 6?
False
Does 18 divide 43254?
True
Is 1753187 a multiple of 1007?
True
Is 19683594 a multiple of 14?
True
Is 513054 a multiple of 18?
True
Does 26 divide 4968381?
False
Is 2545356 a multiple of 22?
True
Is 75 a factor of 1325530?
False
Does 19 divide 12217?
True
Is 4 a factor of 214000?
True
Is 217 a factor of 7686251?
False
Is 94512 a multiple of 66?
True
Is 2314247 a multiple of 13?
True
Is 25 a factor of 886825?
True
Is 2869630 a multiple of 365?
True
Is 157396 a multiple of 9?
False
Is 241368 a multiple of 452?
True
Is 12555 a multiple of 15?
True
Does 12 divide 90600?
True
Does 12 divide 701892?
True
Is 43 a factor of 611722?
False
Is 20355495 a multiple of 661?
True
Is 270944 a multiple of 32?
True
Is 36 a factor of 25552080?
True
Does 63 divide 111156?
False
Is 11 a factor of 29425?
True
Is 15 a factor of 663390?
True
Does 4 divide 6812?
True
Is 1029 a factor of 15405407?
False
Is 248956 a multiple of 4?
True
Is 22 a factor of 293757?
False
Is 97998 a multiple of 182?
False
Is 485 a factor of 552403?
False
Does 27 divide 89292?
False
Does 33 divide 5985241?
False
Does 111 divide 4465086?
True
Is 365190 a multiple of 14?
True
Is 353 a factor of 286636?
True
Is 36 a factor of 302311?
False
Is 7879437 a multiple of 89?
True
Is 11482 a multiple of 24?
False
Is 364 a factor of 728?
True
Is 17491107 a multiple of 6?
False
Is 728759 a multiple of 22?
False
Is 68028 a multiple of 40?
False
Is 12 a factor of 432729?
False
Does 15 divide 2250360?
True
Is 797325 a multiple of 20?
False
Does 531 divide 412041?
False
Is 690900 a multiple of 188?
True
Is 462280 a multiple of 9?
False
Does 7 divide 17500?
True
Does 135 divide 800415?
True
Is 203 a factor of 114352?
False
Does 43 divide 5725888?
False
Is 19 a factor of 317433?
True
Is 3945509 a multiple of 788?
False
Is 178 a factor of 11557718?
True
Is 2361726 a multiple of 18?
True
Is 16039 a multiple of 373?
True
Is 163080 a multiple of 3?
True
Is 185 a factor of 291560?
True
Is 5784538 a multiple of 18?
False
Does 151 divide 1263491?
False
Is 288624 a multiple of 16?
True
Does 170 divide 1066459?
False
Is 2212515 a multiple of 593?
False
Is 4091167 a multiple of 536?
False
Does 927 divide 4565125?
False
Is 35466 a multiple of 16?
False
Does 4 divide 11490?
False
Is 814 a factor of 7808566?
False
Does 18 divide 443988?
True
Is 1829888 a multiple of 17?
False
Is 20610 a multiple of 30?
True
Is 9 a factor of 493703?
False
Is 38050 a multiple of 7?
False
Is 93 a factor of 132987?
False
Is 37 a factor of 61901?
True
Is 48 a factor of 378643?
False
Is 249900 a multiple of 35?
True
Is 1009723 a multiple of 13?
True
Is 1566095 a multiple of 15?
False
Does 5 divide 82609?
False
Is 2206976 a multiple of 74?
True
Does 39 divide 1227749?
False
Is 11 a factor of 3980493?
True
Is 609875 a multiple of 125?
True
Is 1514673 a multiple of 83?
False
Does 430 divide 230050?
True
Does 349 divide 1136344?
True
Is 35352 a multiple of 24?
True
Does 139 divide 146367?
True
Is 176 a factor of 63129?
False
Is 1053019 a multiple of 29?
True
Is 19 a factor of 247874?
True
Is 890655 a multiple of 34?
False
Is 102 a factor of 1393330?
False
Is 454200 a multiple of 75?
True
Is 86 a factor of 1180866?
True
Is 25195790 a multiple of 653?
False
Does 23 divide 10599527?
True
Is 14 a factor of 5422703?
False
Is 1576 a factor of 7507950?
False
Does 44 divide 4430147?
False
Does 472 divide 1596776?
True
Does 158 divide 317106?
True
Does 34 divide 34306?
True
Is 19 a factor of 706477?
True
Is 2422147 a multiple of 574?
False
Does 575 divide 860200?
True
Does 65 divide 16445?
True
Does 14 divide 5825?
False
Is 42794 a multiple of 173?
False
Is 962 a factor of 9617313?
False
Does 57 divide 93228?
False
Does 338 divide 398502?
True
Does 294 divide 16229565?
False
Does 80 divide 255280?
True
Is 99912 a multiple of 24?
True